).
1
Let i(q) be the third derivative of q**6/120 + 3*q**5/20 + 3*q**4/8 + 4*q**3/3 + 137*q**2. Give i(-8).
0
Let k(s) = -5*s - 8. Let n(f) = -9*f - 15. Let c = 0 - -7. Let g(v) = c*k(v) - 4*n(v). Calculate g(6).
10
Let h(q) be the third derivative of q**6/120 - 3*q**5/20 - q**4/12 + 13*q**3/6 + 11*q**2. Let t = 24 + -15. Let w be h(t). Let d(c) = -c + 1. Calculate d(w).
6
Let c(t) = -20*t + 3 - 5*t**2 + 26*t + 3*t**2 + 2*t**2 + t**2. Give c(-3).
-6
Suppose 6*y - 5*y = -6. Let d(i) be the second derivative of -i**4/12 - i**3/2 + i**2/2 - i. Calculate d(y).
-17
Let x(v) be the third derivative of v**5/60 - v**4/24 + 7*v**3/6 + 345*v**2. What is x(0)?
7
Suppose a + a - 30 = 2*n, 3*a + n = 25. Suppose -f - a = 4*f, 3*g - 13 = -f. Let x(w) = -3*w**3 + 4 - 3*w + 2 + 4*w**2 + 2*w**3 - g. What is x(3)?
1
Let f(r) = 5*r**2 - 13*r + 18. Let o(z) = -9*z**2 + 26*z - 33. Let v(a) = 7*f(a) + 4*o(a). Calculate v(9).
30
Let x(z) = -3*z. Let k = -14 + 16. Suppose -k*c - 4*y = 18, 4*c - 2*y - 7 = 3*c. What is x(c)?
3
Suppose 2*k - 5 - 26 = 3*w, 0 = k - 4*w - 8. Let j = 16 - k. Let u(m) = -m**3 - 3*m**2 + 3*m + 2. Give u(j).
6
Suppose -11*n = 7*n - 36. Let c(v) = 5*v**2 + 6*v + 3. Let h(x) = -2*x**2 - 2*x - 1. Let s(u) = 4*c(u) + 11*h(u). What is s(n)?
-3
Let v(x) = 5*x**3 + 2*x**2 + 9*x - 7. Let c(b) = 2*b**3 + b**2 + 4*b - 3. Let q(j) = 7*c(j) - 3*v(j). Suppose -2*f + 4*f = 3*i + 9, -2*i = f - 1. Give q(i).
1
Let r(l) = -l**3 - 4*l**2 - 13*l + 8. Let n(y) = -3*y**3 - 13*y**2 - 38*y + 24. Let m(z) = -4*n(z) + 11*r(z). Determine m(-7).
-22
Let b(l) = l + 15. Suppose -5*k - 4*a = 25 + 97, a = k + 19. What is b(k)?
-7
Let t be (12/8)/(3/(-20)). Let a = t + 7. Let l(c) = -3*c**2 - 13*c + 3. Let n(i) = -2*i**2 - 7*i + 1. Let s(x) = a*l(x) + 5*n(x). Calculate s(4).
-4
Let f(y) = -y**2 - 14*y - 36. Let d(c) = 2*c**2 - 28*c - 154. Let l be d(18). Give f(l).
4
Let p(g) be the first derivative of -6*g - 5/2*g**2 - 1/3*g**3 - 1. Let i = 228 - 232. Give p(i).
-2
Let t(y) = 22*y - 61*y + 20*y + 6 + 15*y. Calculate t(4).
-10
Let n(d) = -d**2 - 24*d + 56. Let o = 913 - 939. Give n(o).
4
Let d(b) be the first derivative of -3*b + 5*b**2 - 4 - 1/3*b**3. Let p(v) = -v**2 + 11*v - 3. Let i(f) = -4*d(f) + 3*p(f). What is i(4)?
-9
Let z(y) = -y**3 + 2*y + 4*y**2 - 42 - 44 + 83. Determine z(5).
-18
Let k(o) = o**3 + 6*o**2 + 2*o. Let r be (-575)/35 - 9/(-21). Let v = -18 - r. Let y be v + (-1 - 4/2). Give k(y).
15
Let u(k) = k**3 - 3*k**2 + k + 1. Let s = -9 + 7. Let j(h) = -h + 2. Let w be j(s). Suppose -w*m = -m - 9. Determine u(m).
4
Let s(d) = d**3 + 6*d**2 + 5*d + 1. Let q(r) = -r + 9. Let l be q(12). Let p be (2*l - 0) + (-84)/(-42). Calculate s(p).
13
Let p(o) = o**2 - 2*o. Let w be p(3). Let v(n) = 0*n - w*n + 2*n. Let s be ((-24)/(-20))/((-9)/(-30)). What is v(s)?
-4
Let j = -4 - -13. Let a be 21/27 - (-2)/j. Let h(v) be the first derivative of -v**2 - v + 27. Determine h(a).
-3
Let q(c) = 5*c - 3*c - 3*c**2 + 2*c**2 + 2*c + 3. Let p be q(6). Let h = 3 + p. Let w(m) = m + 5. Calculate w(h).
-1
Let u(p) = -5*p - 1. Suppose 0 = 2*h + 5*h. Let w(o) = -5*o + 1. Let s be w(h). Determine u(s).
-6
Let p(f) = -3*f**3 - 3*f**2 - f - 9. Let t(q) = 2*q**3 + 4*q**2 + 9. Let z(u) = 3*p(u) + 4*t(u). Suppose -16*h + 64 + 48 = 0. What is z(h)?
-12
Let j(p) = 10*p + 0 - 18*p + 7*p + 10. Calculate j(3).
7
Let w(z) = 11*z**2 - 3*z - 8. Let g(r) = -5*r**2 + r + 4. Let i(f) = 9*g(f) + 4*w(f). Calculate i(-6).
-14
Let k(o) be the first derivative of -o**3/3 - 5*o**2/2 + 6*o - 81. Calculate k(-6).
0
Let i(z) = z - 2. Let b be i(6). Suppose 6*v - v - 45 = -5*x, 21 = v + b*x. Let a(s) = s**2 - 4*s - 7. Calculate a(v).
-2
Let o(r) = -19*r**3 - 2*r**2 + 4*r - 4. Let f(c) = 19*c**3 + 3*c**2 - 5*c + 5. Let z(h) = 3*f(h) + 4*o(h). Calculate z(1).
-18
Let g(i) = i**2 - 9*i + 6. Suppose 3*a - 89 = -62. Calculate g(a).
6
Let u(x) = -9*x**2 - 3*x - 2. Let f(s) = -12*s**2 - 4*s - 2. Let i(w) = 4*f(w) - 5*u(w). Determine i(-1).
0
Let q(b) = -3 + 0 - b + 0 + 0*b. Give q(-1).
-2
Let s(k) = 12*k**2 - 13*k - 13. Let w(i) = -5*i**2 + 6*i + 6. Let v(h) = 2*s(h) + 5*w(h). Calculate v(6).
-8
Suppose 10 = 5*n - 4*g, -7 = 4*n + 2*g + 11. Let c be ((-4)/(-8))/(n/(-8)). Suppose -s - 2*m = -2, -8 = -4*s + 2*s - c*m. Let y(k) = k**2 - 6*k - 1. Give y(s).
-1
Let v(r) = 2*r**2 + 5*r + 1. Let f be 6/(-12)*(6 - -2). Determine v(f).
13
Suppose -5*n - 4 = -2*o, -o - 6 = -4*o - 5*n. Suppose -24*v + 4 + 68 = 0. Let p(l) = -4*l**2 + v*l**o + 2*l**2 - 2*l**2 + 5. Determine p(0).
5
Let i(l) = -l - 1. Suppose 7*f - 20 = 15. Let m = -8 - -13. Suppose 0 = -f*o - m*x + 10, 0 = -0*x + x - 3. What is i(o)?
0
Let h be (-36)/60 - (0 + (-44)/(-10)). Let c(r) = -r**2 - 6*r - 7. Calculate c(h).
-2
Let d(m) = m**3 + 19*m**2 + 19*m + 21. Let x be d(-18). Let n(w) = -2*w - 4 + 5 + 4*w - x*w. What is n(2)?
-1
Let n(v) = v - 1. Suppose r - 10 = 2*r - 4*p, 2*r - 8 = p. Suppose 0 = -9*h + r*h + 12. Suppose -w = h*w - 25, 5*i = 4*w. Calculate n(i).
3
Let x = 8 - 6. Let g(u) be the second derivative of u**7/2520 - u**6/144 + u**5/40 - u**4/4 - 2*u. Let l(j) be the third derivative of g(j). Give l(x).
-3
Let m(f) = 11*f - 6*f**2 + 4*f**2 - f - 2 + 3*f**2. Give m(-7).
-23
Let q be (2 - 10)/(19/9 + -2). Let r = q + 77. Let t(m) = -m**2 - 3*m**2 + m**3 + 2 - m - m**2. What is t(r)?
-3
Suppose 4*z - 2*x - 2 = 12, 4*x = -z - 10. Let t be (6 - (-1 + 3))/z. Suppose t*k = n + 4, 2*k + 2 = -0*n - 2*n. Let s(a) = 4*a. Calculate s(k).
4
Let q(c) = -22*c**3 + 129 + 21*c**3 + 5*c**2 - 129 + 5*c. What is q(6)?
-6
Let y(c) = -2*c**3 - 40470*c - 3 + 3*c**3 + 40466*c - 6*c**2. What is y(7)?
18
Let v(z) be the first derivative of z**3/3 + 3*z**2 + 3*z + 1. Suppose -70 = 5*r + 9*r. Let j be r/1*(24 + -23). Give v(j).
-2
Let u(h) = -h**3 + h**2 + h + 2. Let p be u(0). Let s(t) = -2*t - 1 - t**2 + 4*t - p. Suppose 4 = 7*f - 5*f. Give s(f).
-3
Let p(d) = d**3 + 5*d**2 - d + 4. Suppose l + 6 + 6 = -3*t, t = 4*l - 4. Let v be (l - (-6 + 3))*-1. Let j be (v + 1)/(2/5). Determine p(j).
9
Let y(m) be the second derivative of -m**5/20 - m**4/4 - m**3/6 + m**2 + 3*m + 3. Give y(-3).
5
Let c(a) = a**3 + 2*a**2 + 3*a + 3. Suppose -4*u = 178 + 154. Let x = u + 53. Let d be 8/6*x/20. Give c(d).
-3
Let o(z) = 4*z - 3. Let s(g) = -45*g + 264. Let j be s(6). Determine o(j).
-27
Let v(c) be the first derivative of 2*c**3/3 - 4*c**2 + 5*c + 26. Calculate v(6).
29
Suppose 72 = 8*y + y. Suppose -y = i + i. Let b(h) = -h**3 - 4*h**2 + 2*h + 4. What is b(i)?
-4
Let i = -13 + 17. Suppose -2*x + 5*g = 31, i*x - 4 = 4*g - 36. Let z be x + (-3 - -4) - -7. Let b(k) = k**2 - k - 7. What is b(z)?
13
Let p(h) be the second derivative of 2*h**3/3 + 30*h. Give p(-1).
-4
Let j(x) = -x**2 + 3*x - 5. Let g be j(8). Let q = -30 - g. Let u be (-84)/q - 2/5. Let h(f) = -f + 1. What is h(u)?
7
Let h(j) = -3*j + 1. Let v = 17 - 9. Let k(m) = -m**3 + 6 + v*m**2 - 4 + 5 - 2*m**2 - 6*m. Let c be k(5). Give h(c).
-5
Suppose 5*u - 49 = i, 4*i = 3*u + 2 - 28. Let m(a) = -3 - 5*a**2 - u*a + 3 - 4 + 16*a. Let z(j) = 6*j**2 - 6*j + 4. Let b(r) = -5*m(r) - 4*z(r). Determine b(4).
-4
Let v(j) be the second derivative of j**3/2 + 7*j**2/2 + 380*j. Calculate v(9).
34
Let d = 1 + -2. Let k(m) = -m**2 + m. Let v(n) = -n**2 - n + 2. Let i(p) = d*v(p) - 2*k(p). Suppose 5*y + 0*y = 3*f + 19, -5*y + 25 = 0. Determine i(f).
8
Let c be -1 + 3 + (9 - 1). Suppose -3*l + l = -c. Let n(h) = -l*h + 3 + 12*h - 6*h. What is n(-5)?
-2
Let h(k) be the second derivative of -k**4/12 - k**3 + 3*k**2/2 + 2*k. Let p = 1389 - 1396. Determine h(p).
-4
Suppose 4*j - 15 = j, 2*c - 24 = -4*j. Let l(f) = -3 - f**3 - 4*f**c + 4*f - 3*f - 6*f. Calculate l(-3).
3
Let y(a) = 3*a**2 + a + 1. Let u be y(3). Let g = u + -35. Let t(d) = d**3 + 2*d**2 - 3*d + 4. Give t(g).
-16
Let y(a) = -6 - 2*a + a + a**3 + 0*a**3 + 0*a. Suppose 10 = -3*s - 5*p, -6 = -2*s + 4*s + 3*p. Calculate y(s).
-6
Let y(f) = -2*f**3 + 3*f**2 - 3*f + 5. Suppose 17*r - 15*r = i, 10*r - 3*i - 8 = 0. Determine y(r).
-5
Let r(s) = -70*s + 1263. Let p be r(18). Let o(w) = -4*w**3 - 4*w**2 + 5*w - 4. Let f(g) = -g**3 + g - 1. Let i(u) = -5*f(u) + o(u). What is i(p)?
-8
Let f(l) be the second derivative of -l**6/120 - l**5/10 - 5*l**4/24 - 3*l**3/2 - 27*l**2/2 + 19*l. Let k(o) be the first